{"id":71,"date":"2025-12-08T12:28:15","date_gmt":"2025-12-08T11:28:15","guid":{"rendered":"https:\/\/www.egpn.fr\/salon-environnement\/aixenprovence\/?page_id=71"},"modified":"2026-01-12T12:08:50","modified_gmt":"2026-01-12T11:08:50","slug":"inscription","status":"publish","type":"page","link":"https:\/\/www.egpn.fr\/salon-environnement\/aixenprovence\/inscription\/","title":{"rendered":"Inscription"},"content":{"rendered":"\t\t<div data-elementor-type=\"wp-page\" data-elementor-id=\"71\" class=\"elementor elementor-71\">\n\t\t\t\t\t\t<section class=\"elementor-section elementor-top-section elementor-element elementor-element-9c63bb2 elementor-section-boxed elementor-section-height-default elementor-section-height-default wpr-particle-no wpr-jarallax-no wpr-parallax-no wpr-sticky-section-no wpr-column-slider-no wpr-equal-height-no\" data-id=\"9c63bb2\" data-element_type=\"section\" data-e-type=\"section\">\n\t\t\t\t\t\t<div class=\"elementor-container elementor-column-gap-default\">\n\t\t\t\t\t<div class=\"elementor-column elementor-col-100 elementor-top-column elementor-element elementor-element-9821213\" data-id=\"9821213\" data-element_type=\"column\" data-e-type=\"column\">\n\t\t\t<div class=\"elementor-widget-wrap elementor-element-populated\">\n\t\t\t\t\t\t<div class=\"elementor-element elementor-element-3214b0c elementor-widget elementor-widget-text-editor\" data-id=\"3214b0c\" data-element_type=\"widget\" data-e-type=\"widget\" data-widget_type=\"text-editor.default\">\n\t\t\t\t<div class=\"elementor-widget-container\">\n\t\t\t\t\t\t\t\t\t<p>Inscrivez-vous d\u00e8s maintenant au <strong>Salon de l&rsquo;Environnement de l&rsquo;EGPN 2026<\/strong>\u00a0via le formulaire ci-dessous pour r\u00e9server votre place et assister \u00e0 cet \u00e9v\u00e9nement.<\/p>\t\t\t\t\t\t\t\t<\/div>\n\t\t\t\t<\/div>\n\t\t\t\t\t<\/div>\n\t\t<\/div>\n\t\t\t\t\t<\/div>\n\t\t<\/section>\n\t\t\t\t<section class=\"elementor-section elementor-top-section elementor-element elementor-element-7eb9ffd elementor-section-boxed elementor-section-height-default elementor-section-height-default wpr-particle-no wpr-jarallax-no wpr-parallax-no wpr-sticky-section-no wpr-column-slider-no wpr-equal-height-no\" data-id=\"7eb9ffd\" data-element_type=\"section\" data-e-type=\"section\">\n\t\t\t\t\t\t<div class=\"elementor-container elementor-column-gap-default\">\n\t\t\t\t\t<div class=\"elementor-column elementor-col-100 elementor-top-column elementor-element elementor-element-2d9abe4\" data-id=\"2d9abe4\" data-element_type=\"column\" data-e-type=\"column\">\n\t\t\t<div class=\"elementor-widget-wrap elementor-element-populated\">\n\t\t\t\t\t\t<div class=\"elementor-element elementor-element-f7d45fa elementor-widget elementor-widget-image\" data-id=\"f7d45fa\" data-element_type=\"widget\" data-e-type=\"widget\" data-widget_type=\"image.default\">\n\t\t\t\t<div class=\"elementor-widget-container\">\n\t\t\t\t\t\t\t\t\t\t\t\t\t\t\t\t<a href=\"https:\/\/forms.gle\/usCqc18Rywz7PbMr9\" target=\"_blank\">\n\t\t\t\t\t\t\t<img fetchpriority=\"high\" decoding=\"async\" width=\"1536\" height=\"630\" src=\"https:\/\/www.egpn.fr\/salon-environnement\/aixenprovence\/wp-content\/uploads\/sites\/3\/2025\/12\/3-1536x630.png\" class=\"attachment-1536x1536 size-1536x1536 wp-image-175\" alt=\"\" srcset=\"https:\/\/www.egpn.fr\/salon-environnement\/aixenprovence\/wp-content\/uploads\/sites\/3\/2025\/12\/3-1536x630.png 1536w, https:\/\/www.egpn.fr\/salon-environnement\/aixenprovence\/wp-content\/uploads\/sites\/3\/2025\/12\/3-300x123.png 300w, https:\/\/www.egpn.fr\/salon-environnement\/aixenprovence\/wp-content\/uploads\/sites\/3\/2025\/12\/3-1024x420.png 1024w, https:\/\/www.egpn.fr\/salon-environnement\/aixenprovence\/wp-content\/uploads\/sites\/3\/2025\/12\/3-768x315.png 768w, https:\/\/www.egpn.fr\/salon-environnement\/aixenprovence\/wp-content\/uploads\/sites\/3\/2025\/12\/3-2048x840.png 2048w\" sizes=\"(max-width: 1536px) 100vw, 1536px\" \/>\t\t\t\t\t\t\t\t<\/a>\n\t\t\t\t\t\t\t\t\t\t\t\t\t\t\t<\/div>\n\t\t\t\t<\/div>\n\t\t\t\t\t<\/div>\n\t\t<\/div>\n\t\t\t\t\t<\/div>\n\t\t<\/section>\n\t\t\t\t<\/div>\n\t\t","protected":false},"excerpt":{"rendered":"<p>Inscrivez-vous d\u00e8s maintenant au Salon de l&rsquo;Environnement de l&rsquo;EGPN 2026\u00a0via le formulaire ci-dessous pour r\u00e9server votre place et assister \u00e0 cet \u00e9v\u00e9nement.<\/p>\n","protected":false},"author":6,"featured_media":0,"parent":0,"menu_order":0,"comment_status":"closed","ping_status":"closed","template":"","meta":{"om_disable_all_campaigns":false,"footnotes":""},"class_list":["post-71","page","type-page","status-publish","hentry"],"_links":{"self":[{"href":"https:\/\/www.egpn.fr\/salon-environnement\/aixenprovence\/wp-json\/wp\/v2\/pages\/71","targetHints":{"allow":["GET"]}}],"collection":[{"href":"https:\/\/www.egpn.fr\/salon-environnement\/aixenprovence\/wp-json\/wp\/v2\/pages"}],"about":[{"href":"https:\/\/www.egpn.fr\/salon-environnement\/aixenprovence\/wp-json\/wp\/v2\/types\/page"}],"author":[{"embeddable":true,"href":"https:\/\/www.egpn.fr\/salon-environnement\/aixenprovence\/wp-json\/wp\/v2\/users\/6"}],"replies":[{"embeddable":true,"href":"https:\/\/www.egpn.fr\/salon-environnement\/aixenprovence\/wp-json\/wp\/v2\/comments?post=71"}],"version-history":[{"count":19,"href":"https:\/\/www.egpn.fr\/salon-environnement\/aixenprovence\/wp-json\/wp\/v2\/pages\/71\/revisions"}],"predecessor-version":[{"id":540,"href":"https:\/\/www.egpn.fr\/salon-environnement\/aixenprovence\/wp-json\/wp\/v2\/pages\/71\/revisions\/540"}],"wp:attachment":[{"href":"https:\/\/www.egpn.fr\/salon-environnement\/aixenprovence\/wp-json\/wp\/v2\/media?parent=71"}],"curies":[{"name":"wp","href":"https:\/\/api.w.org\/{rel}","templated":true}]}}