{"id":1024,"date":"2025-10-12T17:21:29","date_gmt":"2025-10-12T15:21:29","guid":{"rendered":"https:\/\/www.egpn.fr\/salon-environnement\/lyon\/?page_id=1024"},"modified":"2025-10-27T12:39:59","modified_gmt":"2025-10-27T11:39:59","slug":"accueil22","status":"publish","type":"page","link":"https:\/\/www.egpn.fr\/salon-environnement\/lyon\/","title":{"rendered":"Accueil"},"content":{"rendered":"\t\t<div data-elementor-type=\"wp-page\" data-elementor-id=\"1024\" class=\"elementor elementor-1024\">\n\t\t\t\t\t\t<section class=\"elementor-section elementor-top-section elementor-element elementor-element-f9d03b8 elementor-section-boxed elementor-section-height-default elementor-section-height-default wpr-particle-no wpr-jarallax-no wpr-parallax-no wpr-sticky-section-no wpr-equal-height-no\" data-id=\"f9d03b8\" data-element_type=\"section\" data-e-type=\"section\">\n\t\t\t\t\t\t<div class=\"elementor-container elementor-column-gap-default\">\n\t\t\t\t\t<div class=\"elementor-column elementor-col-100 elementor-top-column elementor-element elementor-element-bd0223c\" data-id=\"bd0223c\" data-element_type=\"column\" data-e-type=\"column\" data-settings=\"{&quot;background_background&quot;:&quot;gradient&quot;}\">\n\t\t\t<div class=\"elementor-widget-wrap elementor-element-populated\">\n\t\t\t\t\t\t<div class=\"elementor-element elementor-element-6f3c27d elementor-widget elementor-widget-wpr-countdown\" data-id=\"6f3c27d\" data-element_type=\"widget\" data-e-type=\"widget\" data-widget_type=\"wpr-countdown.default\">\n\t\t\t\t<div class=\"elementor-widget-container\">\n\t\t\t\t\t<div class=\"wpr-countdown-wrap elementor-clearfix\" data-type=\"due-date\" data-show-again=\"0\" data-actions=\"[]\" data-interval=\"1772780400\"><div class=\"wpr-countdown-item\"><span class=\"wpr-countdown-number wpr-countdown-days\" data-item=\"days\"><\/span><span class=\"wpr-countdown-label\" data-text=\"{&quot;singular&quot;:&quot;Jours&quot;,&quot;plural&quot;:&quot;Jours&quot;}\">Jours<\/span><\/div><div class=\"wpr-countdown-item\"><span class=\"wpr-countdown-number wpr-countdown-hours\" data-item=\"hours\"><\/span><span class=\"wpr-countdown-label\" data-text=\"{&quot;singular&quot;:&quot;Heures&quot;,&quot;plural&quot;:&quot;Hours&quot;}\">Hours<\/span><\/div><div class=\"wpr-countdown-item\"><span class=\"wpr-countdown-number wpr-countdown-minutes\" data-item=\"minutes\"><\/span><span class=\"wpr-countdown-label\" data-text=\"{&quot;singular&quot;:&quot;Minutes&quot;,&quot;plural&quot;:&quot;Minutes&quot;}\">Minutes<\/span><\/div><div class=\"wpr-countdown-item\"><span class=\"wpr-countdown-number wpr-countdown-seconds\" data-item=\"seconds\"><\/span><span class=\"wpr-countdown-label\">Secondes<\/span><\/div><\/div>\t\t\t\t<\/div>\n\t\t\t\t<\/div>\n\t\t\t\t\t<\/div>\n\t\t<\/div>\n\t\t\t\t\t<\/div>\n\t\t<\/section>\n\t\t\t\t<section class=\"elementor-section elementor-top-section elementor-element elementor-element-9e8091a elementor-section-boxed elementor-section-height-default elementor-section-height-default wpr-particle-no wpr-jarallax-no wpr-parallax-no wpr-sticky-section-no wpr-equal-height-no\" data-id=\"9e8091a\" data-element_type=\"section\" data-e-type=\"section\" data-settings=\"{&quot;background_background&quot;:&quot;classic&quot;}\">\n\t\t\t\t\t\t<div class=\"elementor-container elementor-column-gap-default\">\n\t\t\t\t\t<div class=\"elementor-column elementor-col-33 elementor-top-column elementor-element elementor-element-aa2d65e\" data-id=\"aa2d65e\" data-element_type=\"column\" data-e-type=\"column\">\n\t\t\t<div class=\"elementor-widget-wrap elementor-element-populated\">\n\t\t\t\t\t\t<div class=\"elementor-element elementor-element-217b9ba elementor-widget elementor-widget-image\" data-id=\"217b9ba\" data-element_type=\"widget\" data-e-type=\"widget\" data-widget_type=\"image.default\">\n\t\t\t\t<div class=\"elementor-widget-container\">\n\t\t\t\t\t\t\t\t\t\t\t\t\t\t\t<img fetchpriority=\"high\" decoding=\"async\" width=\"577\" height=\"1024\" src=\"https:\/\/www.egpn.fr\/salon-environnement\/lyon\/wp-content\/uploads\/sites\/6\/2025\/10\/pexels-pixabay-460961-1-577x1024.jpg\" class=\"attachment-large size-large wp-image-1070\" alt=\"\" srcset=\"https:\/\/www.egpn.fr\/salon-environnement\/lyon\/wp-content\/uploads\/sites\/6\/2025\/10\/pexels-pixabay-460961-1-577x1024.jpg 577w, https:\/\/www.egpn.fr\/salon-environnement\/lyon\/wp-content\/uploads\/sites\/6\/2025\/10\/pexels-pixabay-460961-1-169x300.jpg 169w, https:\/\/www.egpn.fr\/salon-environnement\/lyon\/wp-content\/uploads\/sites\/6\/2025\/10\/pexels-pixabay-460961-1-768x1362.jpg 768w, https:\/\/www.egpn.fr\/salon-environnement\/lyon\/wp-content\/uploads\/sites\/6\/2025\/10\/pexels-pixabay-460961-1-866x1536.jpg 866w, https:\/\/www.egpn.fr\/salon-environnement\/lyon\/wp-content\/uploads\/sites\/6\/2025\/10\/pexels-pixabay-460961-1-1154x2048.jpg 1154w, https:\/\/www.egpn.fr\/salon-environnement\/lyon\/wp-content\/uploads\/sites\/6\/2025\/10\/pexels-pixabay-460961-1-scaled.jpg 1443w\" sizes=\"(max-width: 577px) 100vw, 577px\" \/>\t\t\t\t\t\t\t\t\t\t\t\t\t\t\t<\/div>\n\t\t\t\t<\/div>\n\t\t\t\t\t<\/div>\n\t\t<\/div>\n\t\t\t\t<div class=\"elementor-column elementor-col-66 elementor-top-column elementor-element elementor-element-c69a354\" data-id=\"c69a354\" data-element_type=\"column\" data-e-type=\"column\" data-settings=\"{&quot;background_background&quot;:&quot;classic&quot;}\">\n\t\t\t<div class=\"elementor-widget-wrap elementor-element-populated\">\n\t\t\t\t\t\t<div class=\"elementor-element elementor-element-e4c5f78 elementor-widget elementor-widget-text-editor\" data-id=\"e4c5f78\" data-element_type=\"widget\" data-e-type=\"widget\" data-widget_type=\"text-editor.default\">\n\t\t\t\t<div class=\"elementor-widget-container\">\n\t\t\t\t\t\t\t\t\t<p><span style=\"font-family: var( --e-global-typography-text-font-family ), Sans-serif\">Avez-vous d\u00e9j\u00e0 pris le temps d\u2019observer une abeille, une coccinelle ou un papillon ?<\/span><\/p>\n<p><span style=\"font-family: var( --e-global-typography-text-font-family ), Sans-serif\">Nous oui et c&rsquo;est extraordinaire !<\/span><\/p><p><span style=\"font-family: var( --e-global-typography-text-font-family ), Sans-serif\"><br><\/span><\/p>\n<p><span style=\"font-weight: 400\">Ces petites cr\u00e9atures, qu\u2019on remarque \u00e0 peine, jouent pourtant un r\u00f4le immense dans la nature qui nous entourent que ce soit pour le sol ou pour les plantes.<\/span><\/p>\n<p><span style=\"font-weight: 400\"><br><\/span><span style=\"font-weight: 400\">Elles pollinisent nos cultures, nourrissent d\u2019autres animaux, recyclent la nature et maintiennent l\u2019\u00e9quilibre de tout un \u00e9cosyst\u00e8me.<\/span><\/p><p><span style=\"font-weight: 400\"><br><\/span><\/p>\n<p><\/p>\n<p><span style=\"font-weight: 400\">Mais aujourd\u2019hui, les insectes disparaissent, petit \u00e0 petit, \u00e0 cause des pesticides, de la pollution et du changement climatique.<\/span><\/p>\n<p><span style=\"font-weight: 400\"><br><\/span><span style=\"font-weight: 400\">Et si eux s\u2019\u00e9teignent, c\u2019est tout notre environnement qui vacille.<\/span><\/p>\n<p><\/p>\n<p><span style=\"font-weight: 400\">Ici, au Salon de l\u2019Environnement, on vous invite \u00e0 plonger dans leur univers, alors ouvrez grand les yeux, tendez l\u2019oreille, et laissez-vous \u00e9merveiller.&nbsp;<\/span><\/p>\n<p><br style=\"font-weight: 400\"><br style=\"font-weight: 400\">&nbsp;<\/p>\t\t\t\t\t\t\t\t<\/div>\n\t\t\t\t<\/div>\n\t\t\t\t\t<\/div>\n\t\t<\/div>\n\t\t\t\t\t<\/div>\n\t\t<\/section>\n\t\t\t\t<\/div>\n\t\t","protected":false},"excerpt":{"rendered":"<p>JoursHoursMinutesSecondes Avez-vous d\u00e9j\u00e0 pris le temps d\u2019observer une abeille, une coccinelle ou un papillon ? Nous oui et c&rsquo;est extraordinaire ! Ces petites cr\u00e9atures, qu\u2019on remarque \u00e0 peine, jouent pourtant un r\u00f4le immense dans la nature qui nous entourent que ce soit pour le sol ou pour les plantes. Elles pollinisent nos cultures, nourrissent d\u2019autres animaux, recyclent la nature et<\/p>\n","protected":false},"author":9,"featured_media":0,"parent":0,"menu_order":0,"comment_status":"closed","ping_status":"closed","template":"","meta":{"om_disable_all_campaigns":false,"footnotes":""},"class_list":["post-1024","page","type-page","status-publish","hentry"],"_links":{"self":[{"href":"https:\/\/www.egpn.fr\/salon-environnement\/lyon\/wp-json\/wp\/v2\/pages\/1024","targetHints":{"allow":["GET"]}}],"collection":[{"href":"https:\/\/www.egpn.fr\/salon-environnement\/lyon\/wp-json\/wp\/v2\/pages"}],"about":[{"href":"https:\/\/www.egpn.fr\/salon-environnement\/lyon\/wp-json\/wp\/v2\/types\/page"}],"author":[{"embeddable":true,"href":"https:\/\/www.egpn.fr\/salon-environnement\/lyon\/wp-json\/wp\/v2\/users\/9"}],"replies":[{"embeddable":true,"href":"https:\/\/www.egpn.fr\/salon-environnement\/lyon\/wp-json\/wp\/v2\/comments?post=1024"}],"version-history":[{"count":41,"href":"https:\/\/www.egpn.fr\/salon-environnement\/lyon\/wp-json\/wp\/v2\/pages\/1024\/revisions"}],"predecessor-version":[{"id":1183,"href":"https:\/\/www.egpn.fr\/salon-environnement\/lyon\/wp-json\/wp\/v2\/pages\/1024\/revisions\/1183"}],"wp:attachment":[{"href":"https:\/\/www.egpn.fr\/salon-environnement\/lyon\/wp-json\/wp\/v2\/media?parent=1024"}],"curies":[{"name":"wp","href":"https:\/\/api.w.org\/{rel}","templated":true}]}}