{"id":535,"date":"2024-12-06T16:34:05","date_gmt":"2024-12-06T15:34:05","guid":{"rendered":"https:\/\/www.egpn.fr\/salon-environnement\/lyon\/?page_id=535"},"modified":"2025-03-03T22:56:19","modified_gmt":"2025-03-03T21:56:19","slug":"animations","status":"publish","type":"page","link":"https:\/\/www.egpn.fr\/salon-environnement\/lyon\/animations\/","title":{"rendered":"animations"},"content":{"rendered":"\t\t<div data-elementor-type=\"wp-page\" data-elementor-id=\"535\" class=\"elementor elementor-535\">\n\t\t\t\t\t\t<section class=\"elementor-section elementor-top-section elementor-element elementor-element-1a4029a elementor-section-boxed elementor-section-height-default elementor-section-height-default wpr-particle-no wpr-jarallax-no wpr-parallax-no wpr-sticky-section-no wpr-equal-height-no\" data-id=\"1a4029a\" data-element_type=\"section\" data-e-type=\"section\">\n\t\t\t\t\t\t<div class=\"elementor-container elementor-column-gap-default\">\n\t\t\t\t\t<div class=\"elementor-column elementor-col-100 elementor-top-column elementor-element elementor-element-655c6dc\" data-id=\"655c6dc\" data-element_type=\"column\" data-e-type=\"column\">\n\t\t\t<div class=\"elementor-widget-wrap elementor-element-populated\">\n\t\t\t\t\t\t<div class=\"elementor-element elementor-element-c8063ba elementor-widget elementor-widget-text-editor\" data-id=\"c8063ba\" data-element_type=\"widget\" data-e-type=\"widget\" data-widget_type=\"text-editor.default\">\n\t\t\t\t<div class=\"elementor-widget-container\">\n\t\t\t\t\t\t\t\t\t<p>Venez d\u00e9couvrir les animations pr\u00e9par\u00e9es par les \u00e9l\u00e8ves de l&rsquo;Ecole de Gestion et de Protection de la Nature !!<\/p>\n<p>Le Noctilettre : D\u00e9couvrez le mot cach\u00e9 gr\u00e2ce \u00e0 ce que vous entendez ou touchez !<\/p>\n<p>Le hibou-garou : Venez d\u00e9couvrir une variante amusante du loup-garou !&nbsp;<\/p>\n<p>Mini-jeux \u00e0 la&nbsp;<span style=\"font-weight: var( --e-global-typography-text-font-weight )\">d\u00e9couverte de la faune nocturne : \u00ab\u00a0o\u00f9 est Charlie ?\u00a0\u00bb, \u00ab\u00a0Dooble\u00a0\u00bb, \u00ab\u00a0Memory\u00a0\u00bb, et autres jeux \u00e0 d\u00e9couvrir en famille !<\/span><\/p>\n<p>D\u00e9couvrons ensemble la pollution lumineuse : Un jeu de plateau pour apprendre tout en s&rsquo;amusant !&nbsp;<\/p>\n<p>Nous aurons aussi l&rsquo;honneur d&rsquo;accueillir l&rsquo;animation \u00ab\u00a0apprendre \u00e0 pister la faune nocturne\u00a0\u00bb, r\u00e9alis\u00e9e par la professionnelle de l&rsquo;environnement Chlo\u00e9 Laffay !<\/p>\t\t\t\t\t\t\t\t<\/div>\n\t\t\t\t<\/div>\n\t\t\t\t\t<\/div>\n\t\t<\/div>\n\t\t\t\t\t<\/div>\n\t\t<\/section>\n\t\t\t\t<\/div>\n\t\t","protected":false},"excerpt":{"rendered":"<p>Venez d\u00e9couvrir les animations pr\u00e9par\u00e9es par les \u00e9l\u00e8ves de l&rsquo;Ecole de Gestion et de Protection de la Nature !! Le Noctilettre : D\u00e9couvrez le mot cach\u00e9 gr\u00e2ce \u00e0 ce que vous entendez ou touchez ! Le hibou-garou : Venez d\u00e9couvrir une variante amusante du loup-garou !&nbsp; Mini-jeux \u00e0 la&nbsp;d\u00e9couverte de la faune nocturne : \u00ab\u00a0o\u00f9 est Charlie ?\u00a0\u00bb, \u00ab\u00a0Dooble\u00a0\u00bb, \u00ab\u00a0Memory\u00a0\u00bb,<\/p>\n","protected":false},"author":9,"featured_media":0,"parent":0,"menu_order":0,"comment_status":"closed","ping_status":"closed","template":"","meta":{"om_disable_all_campaigns":false,"footnotes":""},"class_list":["post-535","page","type-page","status-publish","hentry"],"_links":{"self":[{"href":"https:\/\/www.egpn.fr\/salon-environnement\/lyon\/wp-json\/wp\/v2\/pages\/535","targetHints":{"allow":["GET"]}}],"collection":[{"href":"https:\/\/www.egpn.fr\/salon-environnement\/lyon\/wp-json\/wp\/v2\/pages"}],"about":[{"href":"https:\/\/www.egpn.fr\/salon-environnement\/lyon\/wp-json\/wp\/v2\/types\/page"}],"author":[{"embeddable":true,"href":"https:\/\/www.egpn.fr\/salon-environnement\/lyon\/wp-json\/wp\/v2\/users\/9"}],"replies":[{"embeddable":true,"href":"https:\/\/www.egpn.fr\/salon-environnement\/lyon\/wp-json\/wp\/v2\/comments?post=535"}],"version-history":[{"count":13,"href":"https:\/\/www.egpn.fr\/salon-environnement\/lyon\/wp-json\/wp\/v2\/pages\/535\/revisions"}],"predecessor-version":[{"id":982,"href":"https:\/\/www.egpn.fr\/salon-environnement\/lyon\/wp-json\/wp\/v2\/pages\/535\/revisions\/982"}],"wp:attachment":[{"href":"https:\/\/www.egpn.fr\/salon-environnement\/lyon\/wp-json\/wp\/v2\/media?parent=535"}],"curies":[{"name":"wp","href":"https:\/\/api.w.org\/{rel}","templated":true}]}}